4 divide 1699780?
True
Does 197 divide 52205?
True
Does 23 divide 13075255?
False
Does 14 divide 14549038?
True
Does 6 divide 2372886?
True
Does 32 divide 6019774?
False
Is 59 a factor of 12054410?
False
Does 78 divide 55261?
False
Is 2665226 a multiple of 281?
False
Does 27 divide 42652?
False
Is 31 a factor of 4870352?
False
Is 200226 a multiple of 663?
True
Is 579 a factor of 12724198?
False
Does 71 divide 6002340?
True
Does 68 divide 653616?
True
Is 172148 a multiple of 286?
False
Does 10 divide 29070?
True
Does 27 divide 633501?
True
Is 12 a factor of 87012?
True
Does 26 divide 3106740?
True
Is 207815 a multiple of 45?
False
Does 66 divide 457842?
True
Does 1130 divide 1467870?
True
Is 1034190 a multiple of 9?
True
Does 29 divide 174986?
True
Does 42 divide 298865?
False
Does 57 divide 767356?
False
Is 224 a factor of 890093?
False
Is 71 a factor of 1105115?
True
Does 105 divide 6905220?
True
Is 101392 a multiple of 128?
False
Is 238 a factor of 17810968?
True
Is 16348 a multiple of 2?
True
Is 221613 a multiple of 21?
True
Is 7654737 a multiple of 1643?
True
Is 645 a factor of 13303770?
True
Does 203 divide 4208086?
False
Is 291 a factor of 357918?
False
Does 75 divide 161341?
False
Is 85 a factor of 26346269?
False
Does 60 divide 500256?
False
Is 369 a factor of 312912?
True
Does 19 divide 2025609?
True
Is 2511384 a multiple of 1076?
True
Is 8 a factor of 60862?
False
Is 29 a factor of 2091927?
False
Does 12 divide 5712?
True
Does 216 divide 5547304?
False
Does 22 divide 25321?
False
Does 27 divide 1293679?
False
Is 379 a factor of 1564661?
False
Does 2 divide 36058?
True
Does 6 divide 113556?
True
Is 34 a factor of 5343916?
True
Is 4 a factor of 4050926?
False
Is 112 a factor of 45969?
False
Does 246 divide 219432?
True
Does 358 divide 12409712?
True
Is 3131354 a multiple of 97?
True
Is 133 a factor of 6487760?
False
Is 31246 a multiple of 9?
False
Is 502354 a multiple of 334?
False
Is 1464 a factor of 5377272?
True
Is 163 a factor of 13521903?
False
Is 4133454 a multiple of 39?
True
Is 304427 a multiple of 8?
False
Is 1095644 a multiple of 673?
True
Is 5386022 a multiple of 194?
True
Does 59 divide 57761?
True
Is 231 a factor of 187341?
True
Does 45 divide 10581?
False
Is 16 a factor of 5478770?
False
Does 3 divide 533264?
False
Is 152722 a multiple of 111?
False
Does 310 divide 411100?
False
Is 224367 a multiple of 33?
True
Is 16 a factor of 87808?
True
Does 45 divide 238770?
True
Is 29953 a multiple of 2?
False
Is 5 a factor of 217975?
True
Does 5 divide 176919?
False
Does 136 divide 7356104?
True
Does 28 divide 143808?
True
Does 62 divide 3661355?
False
Is 26 a factor of 163670?
True
Does 151 divide 208379?
False
Is 2585784 a multiple of 47?
False
Is 220 a factor of 7434860?
False
Does 2 divide 340343?
False
Is 5804407 a multiple of 36?
False
Is 6175956 a multiple of 57?
False
Is 6 a factor of 634368?
True
Is 19656434 a multiple of 11?
False
Is 271 a factor of 584050?
False
Is 2024100 a multiple of 142?
False
Is 26 a factor of 77160?
False
Does 16 divide 30080?
True
Is 34 a factor of 512890?
True
Is 1781059 a multiple of 220?
False
Is 4070626 a multiple of 1194?
False
Is 67386 a multiple of 88?
False
Is 1641996 a multiple of 11?
False
Does 56 divide 5223680?
True
Is 58 a factor of 227145?
False
Does 370 divide 4732018?
False
Is 550 a factor of 5167250?
True
Is 141 a factor of 97713?
True
Is 413012 a multiple of 6?
False
Is 20 a factor of 61197?
False
Is 30303 a multiple of 273?
True
Is 14488 a multiple of 114?
False
Is 19 a factor of 2177856?
True
Is 1890440 a multiple of 10?
True
Is 27683 a multiple of 484?
False
Is 8 a factor of 1767485?
False
Does 21 divide 1429282?
False
Does 12 divide 4949482?
False
Is 28557880 a multiple of 13?
True
Is 11 a factor of 28688?
True
Is 3439508 a multiple of 13?
False
Does 15 divide 1286692?
False
Is 28 a factor of 816702?
False
Is 7 a factor of 4510119?
False
Does 5 divide 3858095?
True
Is 3 a factor of 397900?
False
Is 13 a factor of 73127?
False
Is 518534 a multiple of 112?
False
Is 432630 a multiple of 207?
True
Is 6 a factor of 37124?
False
Does 381 divide 316033?
False
Does 19 divide 59382?
False
Is 130 a factor of 503490?
True
Does 43 divide 124571?
True
Is 171 a factor of 48206?
False
Is 1287776 a multiple of 25?
False
Is 998 a factor of 2344310?
False
Is 35 a factor of 4764970?
True
Is 91020 a multiple of 60?
True
Is 180 a factor of 168760?
False
Does 164 divide 498772?
False
Is 2 a factor of 141239?
False
Is 7 a factor of 3056543?
True
Is 2244857 a multiple of 33?
False
Does 13 divide 8467?
False
Is 74 a factor of 497959?
False
Does 63 divide 223362?
False
Is 101 a factor of 120594?
True
Is 125268 a multiple of 572?
True
Does 9 divide 51120?
True
Does 1067 divide 3931895?
True
Is 122412 a multiple of 6?
True
Is 5253648 a multiple of 12?
True
Does 261 divide 188964?
True
Is 18 a factor of 735786?
True
Is 254837 a multiple of 31?
False
Is 184452 a multiple of 19?
True
Is 164 a factor of 2465685?
False
Is 386 a factor of 385614?
True
Is 523114 a multiple of 378?
False
Is 5288000 a multiple of 80?
True
Is 7118720 a multiple of 26?
False
Is 3 a factor of 24495?
True
Does 171 divide 111994?
False
Does 8 divide 66153?
False
Is 80 a factor of 9725594?
False
Is 115 a factor of 413386?
False
Does 15 divide 1942725?
True
Does 28 divide 793436?
True
Is 20436 a multiple of 3?
True
Is 32 a factor of 2840064?
True
Is 4073376 a multiple of 96?
True
Is 106 a factor of 32012?
True
Does 162 divide 4369302?
True
Does 14 divide 149338?
True
Is 1609 a factor of 5491486?
False
Does 7 divide 1002427?
False
Is 417 a factor of 3241544?
False
Does 37 divide 8296529?
False
Is 11 a factor of 485602?
False
Is 9 a factor of 45019?
False
Is 30 a factor of 46020?
True
Is 6 a factor of 1497002?
False
Is 84038 a multiple of 13?
False
Is 4399509 a multiple of 198?
False
Is 234357 a multiple of 191?
True
Is 70 a factor of 99680?
True
Is 58 a factor of 135604?
True
Is 143 a factor of 5942365?
True
Does 203 divide 515956?
False
Is 4567006 a multiple of 10?
False
Is 392 a factor of 6484072?
True
Is 172 a factor of 1173767?
False
Is 11 a factor of 3872?
True
Is 393706 a multiple of 51?
False
Is 178 a factor of 55180?
True
Is 514 a factor of 1550034?
False
Does 7 divide 5632292?
False
Does 11 divide 1520860?
True
Does 85 divide 338557?
False
Is 495 a factor of 318922?
False
Does 522 divide 503730?
True
Is 1634886 a multiple of 253?
True
Is 269223 a multiple of 44?
False
Does 13 divide 185003?
True
Is 1927614 a multiple of 746?
False
Does 64 divide 1364160?
True
Does 199 divide 8726047?
False
Is 292565 a multiple of 13?
True
Is 13 a factor of 1886?
False
Does 50 divide 3120698?
False
Is 7334134 a multiple of 5?
False
Does 557 divide 296881?
True
Is 19 a factor of 56354?
True
Is 243 a factor of 123687?
True
Is 39295 a multiple of 5?
True
Is 61 a factor of 55022?
True
Does 10 divide 144940?
True
Is 602869 a multiple of 47?
True
Does 54 divide 8964000?
True
Is 11 a factor of 10710964?
True
Does 50 divide 526418?
False
Is 33 a factor of 544203?
True
Is 1753947 a multiple of 789?
True
Is 59532 a multiple of 32?
False
Is 26 a factor of 460775?
False
Is 427 a factor of 4134641?
True
Is 262775 a multiple of 5?
True
Is 1071872 a multiple of 25?
False
Is 5077545 a multiple of 55?
True
Is 665176 a multiple of 144?
False
Is 6 a factor of 711336?
True
Is 47 a factor of 9400?
True
Does 4 divide 2824264?
True
Is 2466747 a multiple of 309?
True
Is 22 a factor of 460878?
True
Is 11 a factor of 13316325?
True
Does 115 divide 575460?
True
Is 47190 a multiple of 9?
False
Is 44 a factor of 272936?
False
Does 137 divide 1450556?
True
Does 103 divide 4714819?
False
Is 19594 a multiple of 2?
True
Does 10 divide 1339802?
False
Is 8607300 a multiple of 30?
True
Is 7193936 a multiple of 216?
False
Is 3424864 a multiple of 38?
True
Does 8 divide 196112?
True
Is 35 a factor of 220653?
False
Is 24 a factor of 243312?
True
Is 11 a factor of 405229?
True
Is 1474087 a multiple of 38?
False
Is 55561 a multiple of 245?
False
Is 186 a factor of 198834?
True
Is 578 a factor of 2233970?
True
Does 10 divide 2143430?
True
Is 65 a factor of 42510?
True
Is 395 a factor of 393420?
True
Is 306 a factor of 637059?
False
Is 269004 a multiple of 87?
True
Is 14 a factor of